ate the greatest common divisor of 67 and 536.
67
What is the highest common divisor of 44 and 1804?
44
Calculate the greatest common divisor of 13326 and 24.
6
Calculate the greatest common factor of 736 and 208.
16
What is the greatest common divisor of 675 and 100?
25
Calculate the highest common divisor of 3 and 51.
3
Calculate the highest common divisor of 12 and 52.
4
Calculate the greatest common divisor of 108 and 189.
27
What is the highest common factor of 3560 and 40?
40
What is the greatest common divisor of 378 and 162?
54
Calculate the greatest common factor of 10 and 25.
5
Calculate the greatest common factor of 8000 and 125.
125
Calculate the greatest common divisor of 5978 and 244.
122
What is the greatest common divisor of 1760 and 800?
160
Calculate the greatest common factor of 833 and 68.
17
Calculate the greatest common divisor of 333 and 24.
3
What is the highest common divisor of 147 and 189?
21
Calculate the greatest common factor of 268 and 92.
4
What is the greatest common divisor of 23 and 2070?
23
What is the highest common factor of 232 and 72?
8
Calculate the greatest common factor of 36 and 156.
12
What is the highest common divisor of 11 and 187?
11
Calculate the highest common divisor of 1930 and 20.
10
What is the highest common factor of 252 and 336?
84
Calculate the greatest common factor of 56 and 16100.
28
Calculate the greatest common divisor of 3149 and 201.
67
Calculate the highest common divisor of 2646 and 13671.
441
Calculate the greatest common factor of 3308 and 28.
4
Calculate the highest common factor of 792 and 432.
72
Calculate the greatest common factor of 392 and 49.
49
Calculate the greatest common divisor of 43 and 29.
1
Calculate the greatest common divisor of 31 and 53.
1
What is the greatest common divisor of 496 and 48?
16
What is the greatest common factor of 208 and 32?
16
What is the greatest common divisor of 3818 and 249?
83
Calculate the highest common factor of 130 and 10.
10
What is the highest common divisor of 13 and 169?
13
Calculate the highest common factor of 110 and 44.
22
Calculate the highest common divisor of 108 and 162.
54
Calculate the greatest common divisor of 18 and 26.
2
Calculate the greatest common divisor of 287 and 205.
41
What is the greatest common factor of 60 and 2115?
15
Calculate the greatest common divisor of 53 and 53.
53
Calculate the highest common factor of 53 and 848.
53
What is the highest common divisor of 14 and 91?
7
Calculate the greatest common factor of 418 and 1045.
209
Calculate the highest common divisor of 28 and 70.
14
What is the greatest common factor of 770 and 6314?
154
Calculate the highest common divisor of 108 and 13068.
108
What is the greatest common divisor of 7 and 11?
1
Calculate the greatest common divisor of 10 and 26.
2
What is the greatest common factor of 19 and 1539?
19
Calculate the highest common divisor of 110 and 4690.
10
What is the greatest common factor of 8 and 64?
8
Calculate the highest common divisor of 1 and 2053.
1
What is the highest common divisor of 144 and 1233?
9
What is the highest common divisor of 725 and 2475?
25
What is the greatest common divisor of 18176 and 71?
71
What is the greatest common divisor of 771 and 6?
3
Calculate the greatest common divisor of 4 and 44.
4
What is the highest common factor of 221 and 494?
13
Calculate the highest common divisor of 388 and 291.
97
What is the greatest common divisor of 12 and 396?
12
What is the highest common divisor of 375 and 1200?
75
What is the greatest common factor of 60 and 48?
12
Calculate the highest common divisor of 104 and 117.
13
What is the greatest common factor of 50 and 130?
10
Calculate the highest common factor of 20844 and 108.
108
What is the greatest common factor of 1335 and 15?
15
Calculate the highest common divisor of 2299 and 1463.
209
What is the highest common divisor of 1476 and 36?
36
Calculate the greatest common factor of 679 and 2619.
97
Calculate the highest common divisor of 3157 and 77.
77
Calculate the highest common divisor of 312 and 48.
24
Calculate the highest common divisor of 1537 and 29.
29
What is the greatest common factor of 5575 and 25?
25
What is the highest common factor of 697 and 34?
17
Calculate the highest common factor of 9 and 24.
3
Calculate the greatest common divisor of 133 and 14.
7
Calculate the highest common factor of 105 and 195.
15
What is the greatest common factor of 4599 and 73?
73
What is the highest common divisor of 867 and 17?
17
Calculate the greatest common divisor of 18 and 5157.
9
What is the highest common divisor of 1062 and 18?
18
Calculate the highest common factor of 366 and 6.
6
What is the greatest common divisor of 330 and 60?
30
What is the greatest common factor of 252 and 16?
4
Calculate the highest common divisor of 736 and 23.
23
Calculate the greatest common factor of 1270 and 20.
10
Calculate the greatest common factor of 8 and 7.
1
Calculate the highest common factor of 841 and 1334.
29
Calculate the highest common divisor of 112 and 2296.
56
What is the highest common factor of 703 and 111?
37
Calculate the highest common divisor of 203 and 87.
29
What is the highest common divisor of 36 and 2208?
12
What is the highest common factor of 95 and 209?
19
What is the highest common factor of 20 and 90?
10
What is the greatest common factor of 351 and 1144?
13
Calculate the greatest common divisor of 14 and 44.
2
Calculate the greatest common factor of 2 and 50.
2
What is the highest common divisor of 2116 and 20?
4
What is the highest common factor of 76 and 3401?
19
Calculate the greatest common divisor of 55 and 242.
11
What is the greatest common divisor of 6 and 11562?
6
What is the highest common factor of 5129 and 161?
23
What is the greatest common factor of 22 and 10?
2
Calculate the greatest common factor of 118 and 295.
59
What is the greatest common divisor of 13 and 3328?
13
What is the greatest common divisor of 190 and 28310?
190
Calculate the greatest common factor of 45 and 2205.
45
What is the greatest common factor of 90 and 18?
18
Calculate the highest common divisor of 609 and 49.
7
Calculate the highest common factor of 84 and 180.
12
What is the greatest common factor of 92 and 128?
4
What is the greatest common factor of 19657 and 33?
11
What is the highest common divisor of 154 and 88?
22
What is the highest common factor of 31430 and 28?
14
Calculate the highest common divisor of 30 and 1230.
30
Calculate the highest common divisor of 5 and 245.
5
What is the highest common factor of 5 and 27?
1
Calculate the highest common factor of 20 and 64.
4
What is the greatest common divisor of 814 and 22?
22
Calculate the greatest common factor of 1265 and 110.
55
What is the greatest common factor of 150 and 12?
6
Calculate the highest common factor of 130 and 1365.
65
Calculate the highest common factor of 36 and 36.
36
Calculate the greatest common divisor of 129 and 12513.
129
What is the greatest common divisor of 110 and 6710?
110
Calculate the highest common divisor of 35 and 595.
35
What is the highest common divisor of 38 and 1862?
38
What is the highest common factor of 165 and 6?
3
What is the highest common factor of 930 and 4743?
93
What is the highest common divisor of 759 and 165?
33
What is the highest common divisor of 546 and 12?
6
What is the greatest common divisor of 1329 and 12?
3
Calculate the highest common divisor of 227 and 3859.
227
What is the greatest common divisor of 1276 and 3596?
116
Calculate the greatest common divisor of 10 and 905.
5
What is the greatest common divisor of 108 and 3?
3
Calculate the highest common factor of 95 and 25.
5
What is the highest common factor of 24606 and 54?
18
Calculate the greatest common factor of 1475 and 25.
25
What is the highest common divisor of 11 and 46145?
11
What is the greatest common factor of 34597 and 29?
29
What is the greatest common factor of 91 and 52?
13
What is the greatest common divisor of 135 and 15?
15
Calculate the greatest common factor of 90 and 1458.
18
Calculate the highest common divisor of 102 and 170.
34
Calculate the greatest common factor of 64 and 48.
16
Calculate the highest common factor of 530 and 70.
10
Calculate the highest common d